{"id":819,"date":"2019-04-28T19:31:20","date_gmt":"2019-04-28T17:31:20","guid":{"rendered":"http:\/\/serwer1421977.home.pl\/kwiecien19\/like\/?page_id=819"},"modified":"2019-04-28T19:31:20","modified_gmt":"2019-04-28T17:31:20","slug":"ultime-notizie","status":"publish","type":"page","link":"https:\/\/szkolysalomon.pl\/index.php\/it\/ultime-notizie\/","title":{"rendered":"ULTIME NOTIZIE"},"content":{"rendered":"<p>[et_pb_section fb_built=&#8221;1&#8243; _builder_version=&#8221;3.17.6&#8243;][et_pb_row custom_padding=&#8221;0|0px|27px|0px|false|false&#8221; _builder_version=&#8221;3.17.6&#8243;][et_pb_column type=&#8221;4_4&#8243; _builder_version=&#8221;3.17.6&#8243; parallax=&#8221;off&#8221; parallax_method=&#8221;on&#8221;][et_pb_text _builder_version=&#8221;3.17.6&#8243; text_font=&#8221;||||||||&#8221;]<\/p>\n<div class=\"post\">\n<div class=\"post-container\">\n<h1 style=\"text-align: left;\">AKTUALNO\u015aCI\u00a0<\/h1>\n<p style=\"text-align: left;\">\n<div class=\"post\" style=\"text-align: left;\">\n<div class=\"post-container\">\n<h3><\/h3>\n<h3>2016-02-15<\/h3>\n<div class=\"content\">\n<p>Bia\u0142o na czarnym \ud83d\ude42<span>\u00a0<\/span><a href=\"http:\/\/mail.exciting-news.pl\/pp\/crt6yoviax\/rkqjoupj25\/\">Wi\u0119cej&gt;&gt;<\/a><\/p>\n<p>&nbsp;<\/p>\n<\/div>\n<\/div>\n<\/div>\n<div class=\"post\" style=\"text-align: center;\">\n<div class=\"post-container\">\n<h3 style=\"text-align: left;\">2016-02-09<\/h3>\n<div class=\"content\">\n<p style=\"text-align: left;\">Belweder 2016<\/p>\n<p><img alt=\"\" src=\"http:\/\/serwer47456.lh.pl\/salomon\/materialy\/_upload\/001.jpg\" \/><img alt=\"\" src=\"http:\/\/serwer47456.lh.pl\/salomon\/materialy\/_upload\/002.jpg\" \/><br \/><img alt=\"\" src=\"http:\/\/serwer47456.lh.pl\/salomon\/materialy\/_upload\/003.jpg\" \/><img alt=\"\" src=\"http:\/\/serwer47456.lh.pl\/salomon\/materialy\/_upload\/004.jpg\" \/><img alt=\"\" src=\"http:\/\/serwer47456.lh.pl\/salomon\/materialy\/_upload\/005.jpg\" \/><img alt=\"\" src=\"http:\/\/serwer47456.lh.pl\/salomon\/materialy\/_upload\/006.jpg\" \/><img alt=\"\" src=\"http:\/\/serwer47456.lh.pl\/salomon\/materialy\/_upload\/007.jpg\" \/><img alt=\"\" src=\"http:\/\/serwer47456.lh.pl\/salomon\/materialy\/_upload\/008.jpg\" \/><img alt=\"\" src=\"http:\/\/serwer47456.lh.pl\/salomon\/materialy\/_upload\/009.jpg\" \/><img alt=\"\" src=\"http:\/\/serwer47456.lh.pl\/salomon\/materialy\/_upload\/010.jpg\" \/><img alt=\"\" src=\"http:\/\/serwer47456.lh.pl\/salomon\/materialy\/_upload\/011.jpg\" \/><img alt=\"\" src=\"http:\/\/serwer47456.lh.pl\/salomon\/materialy\/_upload\/012.jpg\" \/><img alt=\"\" src=\"http:\/\/serwer47456.lh.pl\/salomon\/materialy\/_upload\/013.jpg\" \/><img alt=\"\" src=\"http:\/\/serwer47456.lh.pl\/salomon\/materialy\/_upload\/014.jpg\" \/><img alt=\"\" src=\"http:\/\/serwer47456.lh.pl\/salomon\/materialy\/_upload\/016.jpg\" \/><img alt=\"\" src=\"http:\/\/serwer47456.lh.pl\/salomon\/materialy\/_upload\/015.jpg\" \/><img alt=\"\" src=\"http:\/\/serwer47456.lh.pl\/salomon\/materialy\/_upload\/017.jpg\" \/><img alt=\"\" src=\"http:\/\/serwer47456.lh.pl\/salomon\/materialy\/_upload\/018.jpg\" \/><img alt=\"\" src=\"http:\/\/serwer47456.lh.pl\/salomon\/materialy\/_upload\/019.jpg\" \/><img alt=\"\" src=\"http:\/\/serwer47456.lh.pl\/salomon\/materialy\/_upload\/020.jpg\" \/><img alt=\"\" src=\"http:\/\/serwer47456.lh.pl\/salomon\/materialy\/_upload\/021.jpg\" \/><img alt=\"\" src=\"http:\/\/serwer47456.lh.pl\/salomon\/materialy\/_upload\/022.jpg\" \/><img alt=\"\" src=\"http:\/\/serwer47456.lh.pl\/salomon\/materialy\/_upload\/023.jpg\" \/><img alt=\"\" src=\"http:\/\/serwer47456.lh.pl\/salomon\/materialy\/_upload\/024.jpg\" \/><img alt=\"\" src=\"http:\/\/serwer47456.lh.pl\/salomon\/materialy\/_upload\/025.jpg\" \/><img alt=\"\" src=\"http:\/\/serwer47456.lh.pl\/salomon\/materialy\/_upload\/026.jpg\" \/><\/p>\n<\/div>\n<\/div>\n<\/div>\n<div class=\"post\" style=\"text-align: center;\">\n<div class=\"post-container\">\n<h3 style=\"text-align: left;\">2016-01-29<\/h3>\n<div class=\"content\" style=\"text-align: left;\">\n<p>Karnawa\u0142 Bajek<span>\u00a0<\/span><a href=\"http:\/\/mail.exciting-news.pl\/pp\/ozain70duk\/jqkom0t12v\/\">Wi\u0119cej&gt;&gt;<\/a><\/p>\n<p>&nbsp;<\/p>\n<\/div>\n<\/div>\n<\/div>\n<div class=\"post\" style=\"text-align: left;\">\n<div class=\"post-container\">\n<h3>2016-01-21<\/h3>\n<div class=\"content\">\n<p><span>Zapraszamy do pos\u0142uchania audycji z udzia\u0142em warsztatowc\u00f3w Salomona.\u00a0<a href=\"http:\/\/mail.mailnews.pl\/p\/4ruqw3y171\/5x8lhu623j\/\">Dowiedz si\u0119 wi\u0119cej<\/a><\/span><\/p>\n<p><span><\/span><\/p>\n<p><span><\/span><\/p>\n<\/div>\n<\/div>\n<\/div>\n<div class=\"post\" style=\"text-align: left;\">\n<div class=\"post-container\">\n<h3>2016-01-22<\/h3>\n<div class=\"content\">\n<p>Salomonowe spotkania 2011\/2016 \ud83d\ude42<span>\u00a0<\/span><a href=\"http:\/\/mail.exciting-news.pl\/pp\/49ys3qh26t\/fhvx1fokes\/\">Wi\u0119cej&gt;&gt;<\/a><\/p>\n<p>&nbsp;<\/p>\n<\/div>\n<\/div>\n<\/div>\n<div class=\"post\" style=\"text-align: left;\">\n<div class=\"post-container\">\n<h3>2016-01-12<\/h3>\n<div class=\"content\">\n<p>Rodzice ucz\u0105. Zapraszamy do przeczytania artyku\u0142u, kt\u00f3ry ukaza\u0142 si\u0119 na \u0142amach Go\u015bcia Niedzielnego.<span>\u00a0<\/span><a href=\"http:\/\/www.opoka.org.pl\/biblioteka\/Z\/ZE\/gn201034_homeschool.html\" target=\"_blank\" rel=\"noopener noreferrer\">Przeczytaj ca\u0142y artyku\u0142.<\/a><\/p>\n<p>&nbsp;<\/p>\n<\/div>\n<\/div>\n<\/div>\n<div class=\"post\" style=\"text-align: left;\">\n<div class=\"post-container\">\n<h3>2016-01-22<\/h3>\n<div class=\"content\">\n<p>Z okazji Dnia Babci i Dziadka<span>\u00a0<\/span><a href=\"http:\/\/mail.exciting-news.pl\/pp\/92vefliu8n\/2exxaguxoe\/\">Wi\u0119cej&gt;&gt;<\/a><\/p>\n<p>&nbsp;<\/p>\n<\/div>\n<\/div>\n<\/div>\n<div class=\"post\" style=\"text-align: left;\">\n<div class=\"post-container\">\n<h3>2016-01-19<\/h3>\n<div class=\"content\">\n<p>Zapraszamy do zapoznania si\u0119 z artyku\u0142em &#8222;Szko\u0142a w domu&#8221;<span>\u00a0<\/span><a href=\"http:\/\/serwer47456.lh.pl\/salomon\/materialy\/_upload\/2014\/01\/art_przekroj1.pdf\" target=\"_blank\" rel=\"noopener noreferrer\">wi\u0119cej<\/a><\/p>\n<p>&nbsp;<\/p>\n<\/div>\n<\/div>\n<\/div>\n<div class=\"post\" style=\"text-align: left;\">\n<div class=\"post-container\">\n<h3>2016-01-17<\/h3>\n<div class=\"content\">\n<p>14 stycznia 2016 roku Salomon w radiu WNET<span>\u00a0<\/span><a href=\"http:\/\/mail.exciting-news.pl\/pp\/g2i0xsg0kr\/ek6po0iiu4\/\">Wi\u0119cej&gt;&gt;<\/a><\/p>\n<p>&nbsp;<\/p>\n<\/div>\n<\/div>\n<\/div>\n<div class=\"post\" style=\"text-align: left;\">\n<div class=\"post-container\">\n<h3>2016-01-16<\/h3>\n<div class=\"content\">\n<p>16 stycznia 2015 roku Salomon w Katolickim Radiu Podlasie \ud83d\ude42<span>\u00a0<\/span><a href=\"http:\/\/mail.exciting-news.pl\/pp\/yy5efkr818\/14sz8wn829\/\">Wi\u0119cej&gt;&gt;<\/a><\/p>\n<p>&nbsp;<\/p>\n<\/div>\n<\/div>\n<\/div>\n<div class=\"post\" style=\"text-align: left;\">\n<div class=\"post-container\">\n<h3>2016-01-03<\/h3>\n<div class=\"content\">\n<p>Dyplom<span>\u00a0<\/span><a href=\"http:\/\/serwer47456.lh.pl\/salomon\/materialy\/_upload\/biblioteka.jpeg\">Wi\u0119cej&gt;&gt;<\/a><\/p>\n<p>&nbsp;<\/p>\n<\/div>\n<\/div>\n<\/div>\n<div class=\"post\" style=\"text-align: center;\">\n<div class=\"post-container\">\n<h3 style=\"text-align: left;\">2016-01-01<\/h3>\n<div class=\"content\">\n<p style=\"text-align: left;\">\u017byczenia Noworoczne<span>\u00a0<\/span><a href=\"http:\/\/mail.exciting-news.pl\/pp\/mguswaxr3z\/9i7ulevr9g\/\">Wi\u0119cej &gt;&gt;<\/a><\/p>\n<\/div>\n<\/div>\n<\/div>\n<\/div>\n<\/div>\n<ul class=\"archive-sub-menu \" style=\"list-style: none outside none; display: none;\">\n<li style=\"text-align: center;\"><a href=\"aktualnosci\/2016\/1.html\">Stycze\u0144<\/a><\/li>\n<li style=\"text-align: center;\"><a href=\"aktualnosci\/2016\/2.html\">Luty<\/a><\/li>\n<li style=\"padding-right: 10px; display: inline; list-style: none; text-align: center;\" class=\"\"><a href=\"aktualnosci\/2015.html\" class=\"title\">2015<\/a>\n<ul class=\"archive-sub-menu \" style=\"list-style: none outside none; display: none;\">\n<li><a href=\"aktualnosci\/2015\/1.html\">Stycze\u0144<\/a><\/li>\n<li><a href=\"aktualnosci\/2015\/2.html\">Luty<\/a><\/li>\n<li><a href=\"aktualnosci\/2015\/3.html\">Marzec<\/a><\/li>\n<li><a href=\"aktualnosci\/2015\/4.html\">Kwiecie\u0144<\/a><\/li>\n<li><a href=\"aktualnosci\/2015\/6.html\">Czerwiec<\/a><\/li>\n<li><a href=\"aktualnosci\/2015\/7.html\">Lipiec<\/a><\/li>\n<li><a href=\"aktualnosci\/2015\/8.html\">Sierpie\u0144<\/a><\/li>\n<li><a href=\"aktualnosci\/2015\/9.html\">Wrzesie\u0144<\/a><\/li>\n<li><a href=\"aktualnosci\/2015\/10.html\">Pa\u017adziernik<\/a><\/li>\n<li><a href=\"aktualnosci\/2015\/11.html\">Listopad<\/a><\/li>\n<li><a href=\"aktualnosci\/2015\/12.html\">Grudzie\u0144<\/a><\/li>\n<\/ul>\n<\/li>\n<li style=\"padding-right: 10px; display: inline; list-style: none; text-align: center;\" class=\"\"><a href=\"aktualnosci\/2014.html\" class=\"title\">2014<\/a>\n<ul class=\"archive-sub-menu \" style=\"list-style: none outside none; display: none;\">\n<li><a href=\"aktualnosci\/2014\/1.html\">Stycze\u0144<\/a><\/li>\n<li><a href=\"aktualnosci\/2014\/10.html\">Pa\u017adziernik<\/a><\/li>\n<li><a href=\"aktualnosci\/2014\/12.html\">Grudzie\u0144<\/a><\/li>\n<\/ul>\n<\/li>\n<li style=\"padding-right: 10px; display: inline; list-style: none; text-align: center;\" class=\"\"><a href=\"aktualnosci\/2013.html\" class=\"title\">2013<\/a>\n<ul class=\"archive-sub-menu \" style=\"list-style: none outside none; display: none;\">\n<li><a href=\"aktualnosci\/2013\/3.html\">Marzec<\/a><\/li>\n<li><a href=\"aktualnosci\/2013\/4.html\">Kwiecie\u0144<\/a><\/li>\n<li><a href=\"aktualnosci\/2013\/5.html\">Maj<\/a><\/li>\n<li><a href=\"aktualnosci\/2013\/6.html\">Czerwiec<\/a><\/li>\n<li><a href=\"aktualnosci\/2013\/7.html\">Lipiec<\/a><\/li>\n<li><a href=\"aktualnosci\/2013\/8.html\">Sierpie\u0144<\/a><\/li>\n<li><a href=\"aktualnosci\/2013\/9.html\">Wrzesie\u0144<\/a><\/li>\n<li><a href=\"aktualnosci\/2013\/11.html\">Listopad<\/a><\/li>\n<\/ul>\n<\/li>\n<li style=\"padding-right: 10px; display: inline; list-style: none; text-align: center;\" class=\"\"><a href=\"aktualnosci\/2012.html\" class=\"title\">2012<\/a>\n<ul class=\"archive-sub-menu \" style=\"list-style: none outside none; display: none;\">\n<li><a href=\"aktualnosci\/2012\/1.html\">Stycze\u0144<\/a><\/li>\n<li><a href=\"aktualnosci\/2012\/2.html\">Luty<\/a><\/li>\n<li><a href=\"aktualnosci\/2012\/8.html\">Sierpie\u0144<\/a><\/li>\n<li><a href=\"aktualnosci\/2012\/9.html\">Wrzesie\u0144<\/a><\/li>\n<li><a href=\"aktualnosci\/2012\/11.html\">Listopad<\/a><\/li>\n<\/ul>\n<\/li>\n<li style=\"padding-right: 10px; display: inline; list-style: none; text-align: center;\" class=\"\"><a href=\"aktualnosci\/2011.html\" class=\"title\">2011<\/a>\n<ul class=\"archive-sub-menu \" style=\"list-style: none outside none; display: none;\">\n<li><a href=\"aktualnosci\/2011\/1.html\">Stycze\u0144<\/a><\/li>\n<li><a href=\"aktualnosci\/2011\/10.html\">Pa\u017adziernik<\/a><\/li>\n<li><a href=\"aktualnosci\/2011\/11.html\">Listopad<\/a><\/li>\n<\/ul>\n<\/li>\n<li style=\"padding-right: 10px; display: inline; list-style: none; text-align: center;\" class=\"\"><a href=\"aktualnosci\/2010.html\" class=\"title\">2010<\/a>\n<ul class=\"archive-sub-menu \" style=\"list-style: none outside none; display: none;\">\n<li><a href=\"aktualnosci\/2010\/7.html\">Lipiec<\/a><\/li>\n<li><a href=\"aktualnosci\/2010\/9.html\">Wrzesie\u0144<\/a><\/li>\n<li><a href=\"aktualnosci\/2010\/11.html\">Listopad<\/a><\/li>\n<\/ul>\n<\/li>\n<li style=\"padding-right: 10px; display: inline; list-style: none;\" class=\"\"><a href=\"aktualnosci\/2009.html\" class=\"title\">2009<\/a>\n<ul class=\"archive-sub-menu \" style=\"list-style: none outside none; display: none;\">\n<li style=\"text-align: center;\"><a href=\"aktualnosci\/2009\/9.html\">Wrzesie\u0144<\/a><\/li>\n<\/ul>\n<\/li>\n<\/ul>\n<p>[\/et_pb_text][\/et_pb_column][\/et_pb_row][\/et_pb_section]<\/p>\n","protected":false},"excerpt":{"rendered":"<p>[et_pb_section fb_built=&#8221;1&#8243; _builder_version=&#8221;3.17.6&#8243;][et_pb_row custom_padding=&#8221;0|0px|27px|0px|false|false&#8221; _builder_version=&#8221;3.17.6&#8243;][et_pb_column type=&#8221;4_4&#8243; _builder_version=&#8221;3.17.6&#8243; parallax=&#8221;off&#8221; parallax_method=&#8221;on&#8221;][et_pb_text _builder_version=&#8221;3.17.6&#8243; text_font=&#8221;||||||||&#8221;] AKTUALNO\u015aCI\u00a0 2016-02-15 Bia\u0142o na czarnym \ud83d\ude42\u00a0Wi\u0119cej&gt;&gt; &nbsp; 2016-02-09 Belweder 2016 2016-01-29 Karnawa\u0142 Bajek\u00a0Wi\u0119cej&gt;&gt; &nbsp; 2016-01-21 Zapraszamy do pos\u0142uchania audycji z udzia\u0142em warsztatowc\u00f3w Salomona.\u00a0Dowiedz si\u0119 wi\u0119cej 2016-01-22 Salomonowe spotkania 2011\/2016 \ud83d\ude42\u00a0Wi\u0119cej&gt;&gt; &nbsp; 2016-01-12 Rodzice ucz\u0105. Zapraszamy do przeczytania artyku\u0142u, kt\u00f3ry ukaza\u0142 si\u0119 na \u0142amach Go\u015bcia [&hellip;]<\/p>\n","protected":false},"author":1,"featured_media":0,"parent":0,"menu_order":0,"comment_status":"closed","ping_status":"closed","template":"","meta":{"_et_pb_use_builder":"on","_et_pb_old_content":""},"_links":{"self":[{"href":"https:\/\/szkolysalomon.pl\/index.php\/wp-json\/wp\/v2\/pages\/819"}],"collection":[{"href":"https:\/\/szkolysalomon.pl\/index.php\/wp-json\/wp\/v2\/pages"}],"about":[{"href":"https:\/\/szkolysalomon.pl\/index.php\/wp-json\/wp\/v2\/types\/page"}],"author":[{"embeddable":true,"href":"https:\/\/szkolysalomon.pl\/index.php\/wp-json\/wp\/v2\/users\/1"}],"replies":[{"embeddable":true,"href":"https:\/\/szkolysalomon.pl\/index.php\/wp-json\/wp\/v2\/comments?post=819"}],"version-history":[{"count":1,"href":"https:\/\/szkolysalomon.pl\/index.php\/wp-json\/wp\/v2\/pages\/819\/revisions"}],"predecessor-version":[{"id":820,"href":"https:\/\/szkolysalomon.pl\/index.php\/wp-json\/wp\/v2\/pages\/819\/revisions\/820"}],"wp:attachment":[{"href":"https:\/\/szkolysalomon.pl\/index.php\/wp-json\/wp\/v2\/media?parent=819"}],"curies":[{"name":"wp","href":"https:\/\/api.w.org\/{rel}","templated":true}]}}