{"id":673,"date":"2019-04-28T17:46:40","date_gmt":"2019-04-28T15:46:40","guid":{"rendered":"http:\/\/serwer1421977.home.pl\/kwiecien19\/like\/?page_id=673"},"modified":"2019-04-28T17:46:40","modified_gmt":"2019-04-28T15:46:40","slug":"cabinet-psychologique","status":"publish","type":"page","link":"https:\/\/szkolysalomon.pl\/index.php\/fr\/cabinet-psychologique\/","title":{"rendered":"CABINET PSYCHOLOGIQUE"},"content":{"rendered":"<p>[et_pb_section bb_built=&#8221;1&#8243; _builder_version=&#8221;3.17.6&#8243;][et_pb_row custom_padding=&#8221;0|0px|27px|0px|false|false&#8221; _builder_version=&#8221;3.17.6&#8243;][et_pb_column type=&#8221;4_4&#8243;][et_pb_text _builder_version=&#8221;3.17.6&#8243;]<\/p>\n<div id=\"wrapper\">\n<div id=\"main\">\n<div class=\"content-sp-container container_newtxt\">\n<h1>CABINET PSYCHOLOGIQUE<\/h1>\n<div class=\"box_newtxt\">\n<p>R\u00e9pondre aux demandes croissantes de la vie quotidienne est pour de nombreux enfants particuli\u00e8rement lourd et les prive de joie naturelle de vivre. Dans notre cabinet, nous essayons d\u2019aider notamment les familles des enfants d\u2019\u00e2ge scolaire et les m\u00eames \u00e9l\u00e8ves en soutenant leur d\u00e9veloppement et l\u2019efficacit\u00e9 de l\u2019apprentissage par :<br \/>&#8211; des conseils et consultations psychologiques et p\u00e9dagogiques,<br \/>&#8211; des diagnostics psychologiques et p\u00e9dagogiques des jeunes et des enfants,<br \/>&#8211; l\u2019aide aux parents pr\u00e9occup\u00e9s par le comportement inad\u00e9quat chez les enfants,<br \/>&#8211; le soutien dans des situations difficiles,<br \/>&#8211; des examens et des opinions requises pour le recrutement dans le syst\u00e8me \u00e9ducatif extrascolaire.<br \/><strong>DIAGNOSTIC<\/strong><\/p>\n<p>Le diagnostic psychologique et p\u00e9dagogique sert de base \u00e0 une th\u00e9rapie appropri\u00e9e visant \u00e0 surmonter les difficult\u00e9s rencontr\u00e9es par l\u2019enfant. Le diagnostic individuel pos\u00e9 sur la base des tests permet d\u2019identifier : \u2013 les causes de l\u2019\u00e9chec scolaire \u2013 les causes des probl\u00e8mes d\u2019\u00e9ducation \u2013 des difficult\u00e9s sp\u00e9cifiques d\u2019apprentissage ainsi que : \u2013 l\u2019\u00e9valuation de pr\u00e9paration scolaire de l\u2019enfant \u2013 l\u2019\u00e9limination des troubles du comportement \u2013 l\u2019\u00e9limination des dysharmonies \u00e9ducatives<\/p>\n<p><strong>TH\u00c9RAPIE<\/strong><br \/>Les diverses formes d\u2019activit\u00e9s th\u00e9rapeutiques visent \u00e0 aider les parents et leurs enfants \u00e0 surmonter des difficult\u00e9s d\u2019apprentissage, des probl\u00e8mes d\u2019\u00e9ducation et des troubles associ\u00e9s. La th\u00e9rapie peut \u00eatre effectu\u00e9e, en fonction des besoins, individuellement ou en groupe.<br \/><strong>Nous effectuons une th\u00e9rapie en cas de :<\/strong><br \/>&#8211; troubles \u00e9motionnels et psychosomatiques chez les jeunes enfants d\u2019\u00e2ge scolaire,<br \/>&#8211; probl\u00e8mes de la pens\u00e9e math\u00e9matique (pour les enfants ayant des difficult\u00e9s d\u2019apprentissage sp\u00e9cifiques),<br \/>&#8211; troubles de la parole et de la communication (pour les enfants ayant des difficult\u00e9s d\u2019apprentissage sp\u00e9cifiques).<\/p>\n<p>Nous r\u00e9alisons des cours de r\u00e9\u00e9ducation, une th\u00e9rapie d\u2019int\u00e9gration sensorielle et un entra\u00eenement des capacit\u00e9s intellectuelles des enfants.<\/p>\n<p><strong>MESURES DE PREVENTION<\/strong><br \/><b><strong>Nous organisons des ateliers :<\/strong><\/b><br \/>&#8211; pour les parents des enfants atteints de TDAH,<br \/>&#8211; concernant le contr\u00f4le de l\u2019agressivit\u00e9, pr\u00e9venant des troubles affectifs, les d\u00e9pendances, l\u2019inadaptation sociale (pour les enfants et les adolescents),<br \/>&#8211; visant \u00e0 faire face au stress (pour les enfants et les parents).<\/p>\n<p><strong>CONSEILS<\/strong><br \/><b><strong>Le cabinet propose des conseils aux familles ayant pour but de :<\/strong><\/b><br \/>&#8211; r\u00e9soudre des probl\u00e8mes \u00e9ducatifs,<br \/>&#8211; r\u00e9soudre des conflits familiaux,<br \/>&#8211; soutenir le d\u00e9veloppement des enfants et des jeunes,<br \/>&#8211; pr\u00e9senter des m\u00e9thodes d\u2019apprentissage efficace,<br \/>&#8211; surmonter les difficult\u00e9s d\u2019apprentissage,<br \/>&#8211; reconna\u00eetre les capacit\u00e9s particuli\u00e8res,<br \/>&#8211; aider \u00e0 choisir l\u2019orientation \u00e9ducative et professionnelle.<\/p>\n<h2><strong>\u00a0CABINET PSYCHOLOGIQUE T\u00c9L. +48 518 717 077<\/strong><\/h2>\n<p>poradnia @ szkolysalomon.pl<\/p>\n<\/div>\n<\/div>\n<\/div>\n<\/div>\n<p>[\/et_pb_text][\/et_pb_column][\/et_pb_row][\/et_pb_section]<\/p>\n","protected":false},"excerpt":{"rendered":"<p>[et_pb_section bb_built=&#8221;1&#8243; _builder_version=&#8221;3.17.6&#8243;][et_pb_row custom_padding=&#8221;0|0px|27px|0px|false|false&#8221; _builder_version=&#8221;3.17.6&#8243;][et_pb_column type=&#8221;4_4&#8243;][et_pb_text _builder_version=&#8221;3.17.6&#8243;] CABINET PSYCHOLOGIQUE R\u00e9pondre aux demandes croissantes de la vie quotidienne est pour de nombreux enfants particuli\u00e8rement lourd et les prive de joie naturelle de vivre. Dans notre cabinet, nous essayons d\u2019aider notamment les familles des enfants d\u2019\u00e2ge scolaire et les m\u00eames \u00e9l\u00e8ves en soutenant leur d\u00e9veloppement et l\u2019efficacit\u00e9 [&hellip;]<\/p>\n","protected":false},"author":1,"featured_media":0,"parent":0,"menu_order":0,"comment_status":"closed","ping_status":"closed","template":"","meta":{"_et_pb_use_builder":"on","_et_pb_old_content":""},"_links":{"self":[{"href":"https:\/\/szkolysalomon.pl\/index.php\/wp-json\/wp\/v2\/pages\/673"}],"collection":[{"href":"https:\/\/szkolysalomon.pl\/index.php\/wp-json\/wp\/v2\/pages"}],"about":[{"href":"https:\/\/szkolysalomon.pl\/index.php\/wp-json\/wp\/v2\/types\/page"}],"author":[{"embeddable":true,"href":"https:\/\/szkolysalomon.pl\/index.php\/wp-json\/wp\/v2\/users\/1"}],"replies":[{"embeddable":true,"href":"https:\/\/szkolysalomon.pl\/index.php\/wp-json\/wp\/v2\/comments?post=673"}],"version-history":[{"count":1,"href":"https:\/\/szkolysalomon.pl\/index.php\/wp-json\/wp\/v2\/pages\/673\/revisions"}],"predecessor-version":[{"id":674,"href":"https:\/\/szkolysalomon.pl\/index.php\/wp-json\/wp\/v2\/pages\/673\/revisions\/674"}],"wp:attachment":[{"href":"https:\/\/szkolysalomon.pl\/index.php\/wp-json\/wp\/v2\/media?parent=673"}],"curies":[{"name":"wp","href":"https:\/\/api.w.org\/{rel}","templated":true}]}}