{"id":665,"date":"2019-04-28T17:35:49","date_gmt":"2019-04-28T15:35:49","guid":{"rendered":"http:\/\/serwer1421977.home.pl\/kwiecien19\/like\/?page_id=665"},"modified":"2019-04-28T18:04:25","modified_gmt":"2019-04-28T16:04:25","slug":"ecole-primaire","status":"publish","type":"page","link":"https:\/\/szkolysalomon.pl\/index.php\/fr\/ecole-primaire\/","title":{"rendered":"\u00c9COLE PRIMAIRE"},"content":{"rendered":"<p>[et_pb_section bb_built=&#8221;1&#8243; _builder_version=&#8221;3.17.6&#8243;][et_pb_row custom_padding=&#8221;0|0px|27px|0px|false|false&#8221; _builder_version=&#8221;3.17.6&#8243;][et_pb_column type=&#8221;4_4&#8243;][et_pb_text _builder_version=&#8221;3.17.6&#8243;]<\/p>\n<div class=\"box_newtxt\">\n<h1>\u00c9COLE PRIMAIRE<\/h1>\n<p>Nous enseignons dans les classes suivantes : 0 (classe \u00ab z\u00e9ro \u00bb), I-III (enseignement int\u00e9gr\u00e9) et les classes IV-VI. Nous nous concentrons sur le d\u00e9veloppement personnel des \u00e9l\u00e8ves et la cr\u00e9ation de bonnes relations en groupe.<\/p>\n<p>Nous r\u00e9alisons le programme conforme \u00e0 la base de programme du Minist\u00e8re de l\u2019\u00e9ducation nationale\u00a0 (MEN)<br \/>en appliquant le syst\u00e8me individualis\u00e9 des interactions psycho- et p\u00e9dagogiques afin que les enfants d\u00e9veloppent leurs propres talents et la curiosit\u00e9 naturelle du monde appropri\u00e9e \u00e0 leur \u00e2ge. Parmi les m\u00e9thodes de travail, nous utilisons \u00e9galement des ateliers th\u00e9matiques et des projets r\u00e9alis\u00e9s en groupes de travail. Nous ne donnons pas de devoirs \u00e0 domicile parce que c\u2019est l\u2019\u00e9cole dont le devoir est d\u2019aider la famille et de ne pas charger en plus les parents. Dans les classes plus jeunes, nous nous concentrons sur la lecture fluente et l\u2019\u00e9criture. Nous tenons \u00e0 ce que nos \u00e9l\u00e8ves deviennent des amis proches avec un livre, ce qui facilite grandement les \u00e9tapes ult\u00e9rieures de l\u2019\u00e9ducation.<\/p>\n<p>Aussi, les bases r\u00e9guli\u00e8res du calcul sont le fondement des succ\u00e8s plus tard. Quant aux questions concernant la nature et l\u2019environnement, nous tentons \u00e0 les atteindre \u00e0 travers le programme bas\u00e9 sur les propres exp\u00e9riences de l\u2019enfant, d\u2019o\u00f9 les excursions fr\u00e9quentes et les activit\u00e9s parascolaires. Un grand accent est mis sur l\u2019\u00e9ducation artistique, car elle donne aux enfants beaucoup de satisfaction.<\/p>\n<p><a href=\"http:\/\/serwer47456.lh.pl\/salomon\/wp-content\/uploads\/2013\/08\/statut-szkola-podstawowa.2.pdf\" target=\"_blank\" rel=\"noopener noreferrer\"><img loading=\"lazy\" class=\"alignnone wp-image-51 size-full\" src=\"http:\/\/serwer1421977.home.pl\/kwiecien19\/like\/wp-content\/uploads\/2019\/04\/pdf.png\" alt=\"\" width=\"21\" height=\"24\" \/>STATUTS<\/a><\/p>\n<p><a href=\"http:\/\/serwer47456.lh.pl\/salomon\/wp-content\/uploads\/2013\/08\/Instrukcja_kancelaryjna_Szkola_Podstawowa_Salomon_2013.pdf\" target=\"_blank\" rel=\"noopener noreferrer\"><img loading=\"lazy\" class=\"alignnone wp-image-51 size-full\" src=\"http:\/\/serwer1421977.home.pl\/kwiecien19\/like\/wp-content\/uploads\/2019\/04\/pdf.png\" alt=\"\" width=\"21\" height=\"24\" \/>INSTRUCTION POUR L\u2019\u00c9COLE PRIMAIRE<\/a><br \/><a href=\"http:\/\/serwer47456.lh.pl\/salomon\/wp-content\/uploads\/2013\/08\/Rzeczowy_wykaz_akt_Szkola_Podstawowa_Salomon_2013.pdf\" target=\"_blank\" rel=\"noopener noreferrer\"><img loading=\"lazy\" class=\"alignnone wp-image-51 size-full\" src=\"http:\/\/serwer1421977.home.pl\/kwiecien19\/like\/wp-content\/uploads\/2019\/04\/pdf.png\" alt=\"\" width=\"21\" height=\"24\" \/>LISTE D\u2019ACTES POUR L\u2019\u00c9COLE PRIMAIRE<\/a><br \/><a href=\"http:\/\/serwer47456.lh.pl\/salomon\/wp-content\/uploads\/2013\/08\/szkolne-programy-nauczania-Szko%C5%82a-Podstawowa-Salomon-2013.2014.pdf\" target=\"_blank\" rel=\"noopener noreferrer\"><img loading=\"lazy\" class=\"alignnone wp-image-51 size-full\" src=\"http:\/\/serwer1421977.home.pl\/kwiecien19\/like\/wp-content\/uploads\/2019\/04\/pdf.png\" alt=\"\" width=\"21\" height=\"24\" \/>PROGRAMMES D\u2019ENSEIGNEMENT DE L\u2019\u00c9COLE PRIMAIRE<\/a><br \/><a href=\"http:\/\/serwer47456.lh.pl\/salomon\/wp-content\/uploads\/2013\/08\/szkolne-zestawy-podr%C4%99cznik%C3%B3w-Szko%C5%82a-Podstawowa-Salomon-2013.2014.pdf\" target=\"_blank\" rel=\"noopener noreferrer\"><img loading=\"lazy\" class=\"alignnone wp-image-51 size-full\" src=\"http:\/\/serwer1421977.home.pl\/kwiecien19\/like\/wp-content\/uploads\/2019\/04\/pdf.png\" alt=\"\" width=\"21\" height=\"24\" \/>LISTE DE MANUELS POUR L\u2019\u00c9COLE PRIMAIRE<\/a><br \/><a href=\"http:\/\/serwer47456.lh.pl\/salomon\/wp-content\/uploads\/2013\/08\/SZKOLNY_SPIS_PROGRAMOW_DLA_SZKOLY_PODSTAWOWEJ_SALOMON_W_WARSZAWIE.pdf\" target=\"_blank\" rel=\"noopener noreferrer\"><img loading=\"lazy\" class=\"alignnone wp-image-51 size-full\" src=\"http:\/\/serwer1421977.home.pl\/kwiecien19\/like\/wp-content\/uploads\/2019\/04\/pdf.png\" alt=\"\" width=\"21\" height=\"24\" \/>LISTE DE PROGRAMMES DE L\u2019\u00c9COLE PRIMAIRE<\/a><br \/><a href=\"http:\/\/serwer47456.lh.pl\/salomon\/wp-content\/uploads\/2013\/08\/wyprawka-wniosek-druk-nr-1.pdf\" target=\"_blank\" rel=\"noopener noreferrer\"><img loading=\"lazy\" class=\"alignnone wp-image-51 size-full\" src=\"http:\/\/serwer1421977.home.pl\/kwiecien19\/like\/wp-content\/uploads\/2019\/04\/pdf.png\" alt=\"\" width=\"21\" height=\"24\" \/>FOURNITURES SCOLAIRES \u2013 DEMANDE D\u2019AIDE N\u00b0 1<\/a><br \/><a href=\"http:\/\/serwer47456.lh.pl\/salomon\/wp-content\/uploads\/2013\/08\/wyprawka-wniosek-druk-nr-2-27-062.pdf\" target=\"_blank\" rel=\"noopener noreferrer\"><img loading=\"lazy\" class=\"alignnone wp-image-51 size-full\" src=\"http:\/\/serwer1421977.home.pl\/kwiecien19\/like\/wp-content\/uploads\/2019\/04\/pdf.png\" alt=\"\" width=\"21\" height=\"24\" \/>FOURNITURES SCOLAIRES \u2013 DEMANDE D\u2019AIDE N\u00b0 2<\/a><\/p>\n<p>szkolapodstawowa @ szkolysalomon.pl<\/p>\n<p>\u00a0<\/p>\n<p>\u00a0<\/p>\n<p>\u00a0<\/p>\n<\/div>\n<p>[\/et_pb_text][\/et_pb_column][\/et_pb_row][\/et_pb_section]<\/p>\n","protected":false},"excerpt":{"rendered":"<p>[et_pb_section bb_built=&#8221;1&#8243; _builder_version=&#8221;3.17.6&#8243;][et_pb_row custom_padding=&#8221;0|0px|27px|0px|false|false&#8221; _builder_version=&#8221;3.17.6&#8243;][et_pb_column type=&#8221;4_4&#8243;][et_pb_text _builder_version=&#8221;3.17.6&#8243;] \u00c9COLE PRIMAIRE Nous enseignons dans les classes suivantes : 0 (classe \u00ab z\u00e9ro \u00bb), I-III (enseignement int\u00e9gr\u00e9) et les classes IV-VI. Nous nous concentrons sur le d\u00e9veloppement personnel des \u00e9l\u00e8ves et la cr\u00e9ation de bonnes relations en groupe. Nous r\u00e9alisons le programme conforme \u00e0 la base de programme [&hellip;]<\/p>\n","protected":false},"author":1,"featured_media":0,"parent":0,"menu_order":0,"comment_status":"closed","ping_status":"closed","template":"","meta":{"_et_pb_use_builder":"on","_et_pb_old_content":""},"_links":{"self":[{"href":"https:\/\/szkolysalomon.pl\/index.php\/wp-json\/wp\/v2\/pages\/665"}],"collection":[{"href":"https:\/\/szkolysalomon.pl\/index.php\/wp-json\/wp\/v2\/pages"}],"about":[{"href":"https:\/\/szkolysalomon.pl\/index.php\/wp-json\/wp\/v2\/types\/page"}],"author":[{"embeddable":true,"href":"https:\/\/szkolysalomon.pl\/index.php\/wp-json\/wp\/v2\/users\/1"}],"replies":[{"embeddable":true,"href":"https:\/\/szkolysalomon.pl\/index.php\/wp-json\/wp\/v2\/comments?post=665"}],"version-history":[{"count":4,"href":"https:\/\/szkolysalomon.pl\/index.php\/wp-json\/wp\/v2\/pages\/665\/revisions"}],"predecessor-version":[{"id":704,"href":"https:\/\/szkolysalomon.pl\/index.php\/wp-json\/wp\/v2\/pages\/665\/revisions\/704"}],"wp:attachment":[{"href":"https:\/\/szkolysalomon.pl\/index.php\/wp-json\/wp\/v2\/media?parent=665"}],"curies":[{"name":"wp","href":"https:\/\/api.w.org\/{rel}","templated":true}]}}