{"id":574,"date":"2019-04-28T11:27:38","date_gmt":"2019-04-28T09:27:38","guid":{"rendered":"http:\/\/serwer1421977.home.pl\/kwiecien19\/like\/?page_id=574"},"modified":"2019-04-28T11:27:38","modified_gmt":"2019-04-28T09:27:38","slug":"educacion-primaria","status":"publish","type":"page","link":"https:\/\/szkolysalomon.pl\/index.php\/es\/educacion-primaria\/","title":{"rendered":"EDUCACI\u00d3N PRIMARIA"},"content":{"rendered":"<p>[et_pb_section bb_built=&#8221;1&#8243; _builder_version=&#8221;3.17.6&#8243;][et_pb_row custom_padding=&#8221;0|0px|27px|0px|false|false&#8221; _builder_version=&#8221;3.17.6&#8243;][et_pb_column type=&#8221;4_4&#8243;][et_pb_text _builder_version=&#8221;3.17.6&#8243;]<\/p>\n<h1>EDUCACI\u00d3N PRIMARIA<\/h1>\n<div class=\"box_newtxt\">\n<p>Ense\u00f1amos en las clases: 0 (preescolar), I-III (aprendizaje integrado) y IV-VI.\u00a0 Hacemos hincapi\u00e9 en el desarrollo personal del alumno y en la creaci\u00f3n de las relaciones adecuadas dentro del grupo.<\/p>\n<p>Llevamos a cabo un programa vigente conforme al curr\u00edculum com\u00fan del MEN (Ministerstwo Edukacji Narodowej, Ministerio de Educaci\u00f3n) con la aplicaci\u00f3n del sistema individualizado de las influencias psico-pedag\u00f3gicas con el fin de desarrollar los talentos de los ni\u00f1os y su curiosidad por el mundo, propia de esta edad. Entre los m\u00e9todos empleados se incluyen tambi\u00e9n talleres tem\u00e1ticos y proyectos realizados en grupos de trabajo. No damos deberes para hacer en casa, porque la tarea de la escuela es ayudar a la casa y no cargar m\u00e1s a los padres. En los primeros a\u00f1os hacemos hincapi\u00e9 en modelar la lectura fluida y la escritura. Queremos que nuestros alumnos se hagan amigos con los libros, lo que facilita significativamente los siguientes etapas de la educaci\u00f3n.<\/p>\n<p>Otro de los fundamentos para obtener \u00e9xito es el conocimiento correcto del c\u00e1lculo. Los temas relacionados con el mundo natural, los intentamos abarcar mediante un programa basado en las experiencias propias del alumno. De ah\u00ed las frecuentes excursiones y actividades extraescolares. Adem\u00e1s, prestamos atenci\u00f3n a\u00a0 la educaci\u00f3n art\u00edstica, ya que les da mucha satisfacci\u00f3n a los alumnos.<\/p>\n<p>ESTATUTO<\/p>\n<p>SISTEMA DE GESTI\u00d3N DE LOS ARCHIVOS PARA LA ESCUELA PRIMARIA<\/p>\n<p>\u00cdNDICE DE ARCHIVOS POR MATERIAS PARA LA ESCUELA PRIMARIA<\/p>\n<p>LOS PROGRAMAS ESCOALRES DE ENSE\u00d1ANZA PARA LA ESCUELA PRIMARIA<\/p>\n<p>LA LISTA DE MANUALES PARA LA ESCUELA PRIMARIA<\/p>\n<p>EL \u00cdNDICE DE LOS PROGRAMAS ESCOLARES PARA LA ESCUELA PRIMARIA<\/p>\n<p>EL CONJUNTO DE MANUALES, SOLICITUD NR 1<\/p>\n<p>EL CONJUNTO DE MANUALES, SOLICITUD NR 2<\/p>\n<\/div>\n<p>[\/et_pb_text][\/et_pb_column][\/et_pb_row][\/et_pb_section]<\/p>\n","protected":false},"excerpt":{"rendered":"<p>[et_pb_section bb_built=&#8221;1&#8243; _builder_version=&#8221;3.17.6&#8243;][et_pb_row custom_padding=&#8221;0|0px|27px|0px|false|false&#8221; _builder_version=&#8221;3.17.6&#8243;][et_pb_column type=&#8221;4_4&#8243;][et_pb_text _builder_version=&#8221;3.17.6&#8243;] EDUCACI\u00d3N PRIMARIA Ense\u00f1amos en las clases: 0 (preescolar), I-III (aprendizaje integrado) y IV-VI.\u00a0 Hacemos hincapi\u00e9 en el desarrollo personal del alumno y en la creaci\u00f3n de las relaciones adecuadas dentro del grupo. Llevamos a cabo un programa vigente conforme al curr\u00edculum com\u00fan del MEN (Ministerstwo Edukacji Narodowej, Ministerio [&hellip;]<\/p>\n","protected":false},"author":1,"featured_media":0,"parent":0,"menu_order":0,"comment_status":"closed","ping_status":"closed","template":"","meta":{"_et_pb_use_builder":"on","_et_pb_old_content":""},"_links":{"self":[{"href":"https:\/\/szkolysalomon.pl\/index.php\/wp-json\/wp\/v2\/pages\/574"}],"collection":[{"href":"https:\/\/szkolysalomon.pl\/index.php\/wp-json\/wp\/v2\/pages"}],"about":[{"href":"https:\/\/szkolysalomon.pl\/index.php\/wp-json\/wp\/v2\/types\/page"}],"author":[{"embeddable":true,"href":"https:\/\/szkolysalomon.pl\/index.php\/wp-json\/wp\/v2\/users\/1"}],"replies":[{"embeddable":true,"href":"https:\/\/szkolysalomon.pl\/index.php\/wp-json\/wp\/v2\/comments?post=574"}],"version-history":[{"count":1,"href":"https:\/\/szkolysalomon.pl\/index.php\/wp-json\/wp\/v2\/pages\/574\/revisions"}],"predecessor-version":[{"id":575,"href":"https:\/\/szkolysalomon.pl\/index.php\/wp-json\/wp\/v2\/pages\/574\/revisions\/575"}],"wp:attachment":[{"href":"https:\/\/szkolysalomon.pl\/index.php\/wp-json\/wp\/v2\/media?parent=574"}],"curies":[{"name":"wp","href":"https:\/\/api.w.org\/{rel}","templated":true}]}}

EDUCACIÓN PRIMARIA

<p>[et_pb_section bb_built=&#8221;1&#8243; _builder_version=&#8221;3.17.6&#8243;][et_pb_row custom_padding=&#8221;0|0px|27px|0px|false|false&#8221; _builder_version=&#8221;3.17.6&#8243;][et_pb_column type=&#8221;4_4&#8243;][et_pb_text _builder_version=&#8221;3.17.6&#8243;]</p>
<h1>EDUCACIÓN PRIMARIA</h1>
<div class="box_newtxt">
<p>Enseñamos en las clases: 0 (preescolar), I-III (aprendizaje integrado) y IV-VI.  Hacemos hincapié en el desarrollo personal del alumno y en la creación de las relaciones adecuadas dentro del grupo.</p>
<p>Llevamos a cabo un programa vigente conforme al currículum común del MEN (Ministerstwo Edukacji Narodowej, Ministerio de Educación) con la aplicación del sistema individualizado de las influencias psico-pedagógicas con el fin de desarrollar los talentos de los niños y su curiosidad por el mundo, propia de esta edad. Entre los métodos empleados se incluyen también talleres temáticos y proyectos realizados en grupos de trabajo. No damos deberes para hacer en casa, porque la tarea de la escuela es ayudar a la casa y no cargar más a los padres. En los primeros años hacemos hincapié en modelar la lectura fluida y la escritura. Queremos que nuestros alumnos se hagan amigos con los libros, lo que facilita significativamente los siguientes etapas de la educación.</p>
<p>Otro de los fundamentos para obtener éxito es el conocimiento correcto del cálculo. Los temas relacionados con el mundo natural, los intentamos abarcar mediante un programa basado en las experiencias propias del alumno. De ahí las frecuentes excursiones y actividades extraescolares. Además, prestamos atención a  la educación artística, ya que les da mucha satisfacción a los alumnos.</p>
<p>ESTATUTO</p>
<p>SISTEMA DE GESTIÓN DE LOS ARCHIVOS PARA LA ESCUELA PRIMARIA</p>
<p>ÍNDICE DE ARCHIVOS POR MATERIAS PARA LA ESCUELA PRIMARIA</p>
<p>LOS PROGRAMAS ESCOALRES DE ENSEÑANZA PARA LA ESCUELA PRIMARIA</p>
<p>LA LISTA DE MANUALES PARA LA ESCUELA PRIMARIA</p>
<p>EL ÍNDICE DE LOS PROGRAMAS ESCOLARES PARA LA ESCUELA PRIMARIA</p>
<p>EL CONJUNTO DE MANUALES, SOLICITUD NR 1</p>
<p>EL CONJUNTO DE MANUALES, SOLICITUD NR 2</p>
</div>
<p>[/et_pb_text][/et_pb_column][/et_pb_row][/et_pb_section]</p>

<p>[et_pb_section bb_built=&#8221;1&#8243; _builder_version=&#8221;3.17.6&#8243;][et_pb_row custom_padding=&#8221;0|0px|27px|0px|false|false&#8221; _builder_version=&#8221;3.17.6&#8243;][et_pb_column type=&#8221;4_4&#8243;][et_pb_text _builder_version=&#8221;3.17.6&#8243;] EDUCACIÓN PRIMARIA Enseñamos en las clases: 0 (preescolar), I-III (aprendizaje integrado) y IV-VI.  Hacemos hincapié en el desarrollo personal del alumno y en la creación de las relaciones adecuadas dentro del grupo. Llevamos a cabo un programa vigente conforme al currículum común del MEN (Ministerstwo Edukacji Narodowej, Ministerio [&hellip;]</p>
